 -129. What are the prime factors of y?
2, 7
Suppose 5*r - 3*l - 927 = -2*l, -4*r + 730 = 5*l. List the prime factors of r.
5, 37
Let g = 83 - -34. Let c = g - 51. Suppose 0*v - 4*o - c = -3*v, -4*o = 3*v - 42. What are the prime factors of v?
2, 3
Let a(q) = 16*q**2. Let g be a(-1). Let c(d) = d**2 + 2*d - 5. Let s be c(-5). Let v = g - s. What are the prime factors of v?
2, 3
Suppose 1 = i + 1. Let c(p) = p**3 + 3*p**2 + p + 3. Let s be c(-3). Suppose -v + s*v + 14 = i. List the prime factors of v.
2, 7
Let j = 0 - -12. Let h be (3/(-9))/((-2)/j). Suppose -h = -a + 12. List the prime factors of a.
2, 7
Suppose -26*w = -27*w + 6. List the prime factors of w.
2, 3
Let h = 122 + -34. What are the prime factors of h?
2, 11
List the prime factors of (-4 - 0) + 1*1040/10.
2, 5
Let w(n) = -2*n**3 + 6*n**2 + 7*n - 1. What are the prime factors of w(-3)?
2, 43
Let j(f) = -2*f**3 - 3*f**2 - f - 1. Let z be j(-2). Let m(p) = 2*p**2 - 6*p + 2. List the prime factors of m(z).
2, 11
Let j be -1 + 4 + -1 + -7. Suppose -5*t + 66 - 166 = 0. What are the prime factors of (-1)/j + (-96)/t?
5
Suppose 4*f - 856 = -4*j, 2*j - 267 - 797 = -5*f. List the prime factors of f.
2, 53
Let j(h) = h - 6. Let v be j(8). Let p be (-3)/(-2) - v/4. List the prime factors of p/(-4) - 82/(-8).
2, 5
Suppose -92*o = -90*o - 82. List the prime factors of o.
41
Let m be (8/(-6))/((-6)/9). Suppose 0*h + 2*h - 6 = 0. Suppose m*k = -3*u + 47, 4*k = -4*u + h*k + 56. List the prime factors of u.
13
Let b = -4 - -7. Suppose -b*d = 3*n - 18, 2*n + n - 23 = -4*d. Suppose d*u - u = 80. What are the prime factors of u?
2, 5
Let o = -42 - -50. List the prime factors of o.
2
Suppose 0 = 5*z + 17 - 2, 2 = -p - z. Let n = p + -2. List the prime factors of n/3 - 19/(-3).
2, 3
Let b(w) = -2*w**2 + 55*w - 5. List the prime factors of b(24).
163
Let k be 3 + 2 + 8/(-4). What are the prime factors of (14/3)/1*k?
2, 7
Let x be (62/4)/(3/12). Let u = x + -44. What are the prime factors of u?
2, 3
Let u be 1 - (3 - (-3 - -54)). Suppose -2*a = z - u, -1 = 2*z - 7. What are the prime factors of a?
23
Let z(m) = -8*m + 36. List the prime factors of z(-12).
2, 3, 11
Let z(o) = -o - 2. Let u be z(-1). Let l be u/(-3) + (-4)/3. What are the prime factors of 11 - 1*(-3)/l?
2
Let q(a) = 2*a**2 - a + 1. Let m be q(1). Suppose -4*h = -k + 57, -3*k - m*k = -5*h - 240. List the prime factors of k.
3, 5
Suppose -v = -1, 3*v - 147 = -2*o + 154. List the prime factors of o.
149
Suppose -27 - 19 = -2*a. Let f = 40 - a. Suppose -2*j + n + 13 = 0, j - n = 5*j - f. What are the prime factors of j?
5
Suppose -173 = -3*p - 2. Let f = p + -34. List the prime factors of f.
23
Let b(r) = r**2 - 2*r + 19. List the prime factors of b(-8).
3, 11
Let t(n) = -n**3 + 2*n**2 + 2*n - 1. Let s be t(-2). Suppose 4*j - 16 = 0, -17 - s = -4*f - 4*j. What are the prime factors of f?
3
Suppose 0*w - w = 4*i + 4, -w = -2*i - 2. Suppose 0 = -5*d - 10, w*b + b - 48 = 5*d. What are the prime factors of b?
2, 19
Let w(a) = 5*a - 8. Let b be w(11). Suppose b = u - 2*m, 5*u - 2*m = -0*m + 203. What are the prime factors of u?
3, 13
Suppose -15 = -2*w - w. Suppose 7 = w*p - 3. Suppose -p = -h + 1. What are the prime factors of h?
3
Let q = 116 - 67. List the prime factors of q.
7
Let a(v) = v - 14. Let n be a(12). List the prime factors of ((-520)/(-30))/(n/(-3)).
2, 13
Suppose 5*h + 4 - 19 = 0. Suppose -c - 2*p = -13, c + 4 = 4*p - 7. List the prime factors of h/((-9)/(-6)) + c.
7
Suppose 132 = -3*r + 5*r. Suppose -3 = 3*y - r. Let z = y - 10. List the prime factors of z.
11
Suppose -f - 3*o + 4 = 0, 0 = -4*f + f + 3*o. Suppose 2*d = s - 2*d + 2, -s = -d - f. What are the prime factors of (s - 8)*-1 + 1?
7
Let y(t) = -t**3 + 8*t**2 + 10*t - 5. Let w = 17 - 10. Suppose 3*j - 2*v + 46 = w*j, 4*v - 2 = 2*j. What are the prime factors of y(j)?
2
Let t = 4 + -2. Let d = t - 0. Let o = d + 8. List the prime factors of o.
2, 5
Suppose -v + 0*v = -2. Suppose 3*q - 5*m - 95 = 0, -5*q - 2*m - 46 = -194. Suppose -2*i + 4 = v*z - 16, q = z + 5*i. List the prime factors of z.
5
Let d be 0/2 + 1 + -8. What are the prime factors of 1/d - (-423)/21?
2, 5
Let w = -70 - -296. List the prime factors of w.
2, 113
Let p(y) = 120*y + 1. List the prime factors of p(1).
11
What are the prime factors of (-109)/((-5)/(-20)*-2) - 4?
2, 107
Let f be 1/(-2)*(-1 + 1). Suppose f = -4*i - 4*u + 23 + 1, -6 = i - 3*u. List the prime factors of i.
3
Let d = -90 + 151. What are the prime factors of d?
61
Let u be 1 + 3*(-4)/(-6). Suppose u*c = 4*c - 9. List the prime factors of c.
3
Suppose 3*u = 12, 6*z - 2*u - 396 = 2*z. What are the prime factors of z?
101
Suppose -4*z = -2*z - 2*x + 2, 0 = -5*x - 10. Let d(m) be the second derivative of -2*m**3/3 + 2*m**2 + 5*m. List the prime factors of d(z).
2
Suppose 4 = -f - i - 1, 4*i = 16. Let w be (-2)/(2/(1 + 19)). Let b = f - w. What are the prime factors of b?
11
Let f(h) = 7*h**3 + 2*h - 1. Let g be f(1). Suppose -3*u - 65 = -g*u. What are the prime factors of u?
13
Let h(n) = -n**3 + n**2 - n + 1. Let t be h(0). What are the prime factors of 2/(1 + t) + 15?
2
Let a = -15 + 21. List the prime factors of a.
2, 3
Let h(r) = -r**3 - 8*r**2 - r + 1. What are the prime factors of h(-8)?
3
Suppose 19 = 2*o - o - 4*v, 2*o + 10 = -4*v. Suppose 0*f = -2*f + o*q + 17, -5*f + 25 = -4*q. List the prime factors of 0 - (-24)/3*f.
2
Let x(c) be the first derivative of -c**2/2 - 4*c - 1. Let h be x(-6). Suppose 2*w + h*w + s - 49 = 0, w - s - 16 = 0. What are the prime factors of w?
13
Suppose -4*g + 4*y = 56, 4*g - 2*y + 3*y = -41. List the prime factors of (-3 - -2)*g*1.
11
Let o be (10/(-3) + 3)*-9. Suppose -2*j = 4*d + 10, -o*d = -4*j + 2 + 11. What are the prime factors of 1/(d/(-39) + 0)?
13
What are the prime factors of ((5 - 7) + -42)*-1?
2, 11
Let f = 75 - 33. List the prime factors of f.
2, 3, 7
Suppose -2*y + 0 + 6 = 0. Suppose -8*a + y*a = 0, 3*x = -5*a + 18. Let q(t) = -t + 8. List the prime factors of q(x).
2
Let k = 8 - 8. Suppose k = 3*y + y - 16. What are the prime factors of (9/4)/(1/y)?
3
Let m = 62 + -36. List the prime factors of m.
2, 13
Suppose m = -0*m + 4*a + 11, 9 = 5*m + 3*a. Suppose -h - 9 = -m*l + 2*h, 5*l = -2*h + 15. Suppose 0 = -r + 2 + l. List the prime factors of r.
5
Let t(r) = -190*r + 2. Let o be t(-1). Suppose -36 = 3*v - o. What are the prime factors of v?
2, 13
Let m(z) = 97*z**2 - 3*z - 3. What are the prime factors of m(-1)?
97
Let o(h) = -h**2 + 7*h - 10. Let g(s) = -s**2 + 7*s - 11. Let p(d) = 2*g(d) - 3*o(d). List the prime factors of p(7).
2
Let p be -3 + 2 + 5/(-5). Suppose -4*i - 3*g = -4, 2*i + 2*g + 2 = 4. List the prime factors of (p - -4)/(i/1).
2
Let o(v) = 3*v**2 - 8*v + 5. Let h be o(5). Suppose -a - 3*a = -h. List the prime factors of a.
2, 5
Let r = -1 + 5. Suppose -r*y - 164 = -8*y. What are the prime factors of y?
41
Suppose -p + 5*a = -3, 2*a = p + 2*p - 9. Let k(h) = -h**2 + 5*h - 2. What are the prime factors of k(p)?
2
What are the prime factors of (-956)/(-7) - (-3)/7?
137
List the prime factors of 25/3*(-27)/(-15).
3, 5
Let l = 108 + -71. List the prime factors of l.
37
Suppose -4*r = -3*d - 2*r + 155, -d = -r - 52. List the prime factors of d.
3, 17
Suppose 4*o = 16, 0 = -2*t + 3*t - 4*o + 13. Suppose -2*s - t*s + k = -100, 3*s - 58 = k. List the prime factors of 6/(-4)*(-238)/s.
17
Suppose g - 8 = 9. Suppose -7 = -4*r + g. What are the prime factors of r?
2, 3
Let q(c) = -c + 5. Let n be q(0). Suppose -18 = -3*u + n*a, 4*u + 3*a - a = 24. What are the prime factors of u?
2, 3
Suppose g + 21 = 4*g. Let a(l) = 3*l - 11. What are the prime factors of a(g)?
2, 5
Suppose -2*c + 6*c = 48. List the prime factors of c.
2, 3
Let o(v) = -v - 17. Let w be o(-6). Let q = w - -14. What are the prime factors of q?
3
Let a = -13 + 52. What are the prime factors of a?
3, 13
Suppose 223 = -4*y - 49. What are the prime factors of ((-14)/28)/(2/y)?
17
Suppose 4*y = -5*m + 211, 3*m + 14 - 294 = -5*y. List the prime factors of y.
59
Let g be (-22)/(-1) - (1 - -1). Suppose -3*s = -i + g, i + s - 30 = 6*s. What are the prime factors of i?
5
Suppose -2*n + 7*n - 6 = -3*m, -8 = -4*m - 3*n. Suppose m*q - f - 12 = -3, -3*q + 9 = -3*f. List the prime factors of q.
2, 3
Let k = -80 + 127. List the prime fact